 Let q = 410 - i. Calculate the greatest common factor of q and 13.
13
Let c = -161 + 306. Suppose -37 = -7*s + c. Let z be s/(-13) - -1*2*5. Calculate the greatest common divisor of 1 and z.
1
Let h = 29 - 61. Let w(k) = -k**2 - 15*k + 3. Let u be w(-9). Let q = h + u. What is the highest common factor of q and 25?
25
Let o = 30 + -27. Suppose 2 = -o*y + 62. Let i(f) = 19*f - 486. Let h be i(26). What is the highest common divisor of h and y?
4
Suppose -20*n - 24429 = -7029. Let v = n + 882. Calculate the greatest common factor of 564 and v.
12
Suppose 3*v - 138 = 57. Let o be (1014/v)/(6/280*2). What is the greatest common divisor of o and 52?
52
Let f = 433 + -403. Let o(l) = 31*l + 11. Let u be o(4). What is the greatest common divisor of f and u?
15
Let f be (-549027)/(-901) - (-6)/(-17). What is the greatest common divisor of f and 266?
7
Suppose 7*u + 1143 = 15388. What is the highest common divisor of u and 37?
37
Let c(a) = 32*a**2 + 21*a - 135. Let n be c(21). What is the greatest common factor of 162 and n?
162
Suppose 4*k = 8*k. Let c = 480 - 474. Suppose c = -k*r + 2*r. What is the highest common factor of r and 24?
3
Let z(b) = -b**2 + 1335*b + 52213. Let k be z(-38). Let f = 300 - -597. Calculate the greatest common divisor of k and f.
39
Suppose -4*s + 31 = 5*d - 493, -5*s + 5*d + 610 = 0. Let w be (392/14)/(14/7*1). Calculate the greatest common divisor of w and s.
14
Let o(n) = 8*n + 0*n**2 - 6 - 5*n**2 + 6*n**2 - n. Let q be o(-9). Let f = -265 - -283. Calculate the highest common factor of q and f.
6
Let v = 362 - 284. Calculate the highest common divisor of 546 and v.
78
Let t = 313 - 280. Suppose -z + t*z = 11808. What is the highest common factor of z and 27?
9
Let t = -4391 - -5258. Calculate the highest common factor of t and 102.
51
Suppose 3*c + 12063*d - 324 = 12059*d, 462 = 5*c - 2*d. Suppose 0 = 5*m - 4*m - 216. Calculate the highest common divisor of c and m.
24
Suppose 0 = -5*w + k + 1950, -2106 = -5*w - 5*k - 126. Suppose 8*f + f - 414 = 0. What is the highest common factor of w and f?
23
Let w be (-2)/(-9) - 2584/612. Let n be (-3)/w*(-12496)/(-213). What is the highest common factor of 33 and n?
11
Let w be 108/(252/99 + (-51)/33 + 1). Calculate the greatest common factor of 10566 and w.
18
Let j(a) = 3*a**3 - 2*a**2 + 1. Let d be j(1). Suppose -d - 2 = -c. Suppose c*y + 8 = 3*s + 3*y, s = -y. Calculate the greatest common divisor of s and 14.
2
Suppose 2343*z - 2371*z + 980 = 0. What is the highest common divisor of 115 and z?
5
Suppose -1235*z - 3717 = -1294*z. Let w be 497/5 + 10/(-25). Calculate the highest common factor of w and z.
9
Let s(q) = -2*q + q - 12 + 6 + 7. Let m(a) = a**2 + 7*a - 10. Let z(t) = m(t) + 2*s(t). Let v be z(-9). What is the greatest common divisor of 4 and v?
4
Suppose 3*z = -y + 206, -26*z + 1017 = 5*y - 24*z. What is the highest common divisor of y and 10759?
203
Suppose 2*n = 5*b + 16, n = -2*n - b + 7. Let s be 0 + (-74)/(-8)*12. Calculate the greatest common factor of n and s.
3
Suppose -4*w + 273 = -3*k, -3*w = -8*w + 5*k + 345. Let d = 2815 + -2518. What is the greatest common divisor of d and w?
33
Let c be 2 - -3 - (0/1 + 2). Suppose -c = -x, -2*x - 34 = -5*f - 0*x. Calculate the highest common divisor of f and 22.
2
Suppose w + 123 = 161. What is the greatest common factor of 7372 and w?
38
Let r be (-44696)/(-84) + (-18)/189. What is the highest common factor of r and 380?
76
Let w be ((-15)/2)/(1/(-2)). Let m be -6 + 7/(49/1582). Suppose -5*s - m = -w*s. Calculate the highest common factor of 22 and s.
22
Suppose 23771 = 1446*r - 1397*r - 25719. What is the greatest common factor of 60 and r?
10
Let y be 16/(-5)*((0 - 16) + 27 + -31). What is the highest common divisor of y and 1312?
32
Let o = -11 + 15. Let q(m) = -9 - 14*m + 22 + 13*m. Let l be q(9). Calculate the greatest common divisor of l and o.
4
Let s(l) = 1503*l - 2466. Let k be s(5). What is the greatest common factor of 374 and k?
187
Let c(l) = 490*l**2 - 1179*l + 1178. Let u be c(1). What is the highest common divisor of u and 33?
3
Let h(b) = -448*b - 3720. Let j be h(-10). What is the highest common divisor of j and 1216?
152
Let j = -7 + 11. Let u(n) be the first derivative of -n**3/3 + n**2/2 + 36*n + 17. Let g be u(0). Calculate the greatest common factor of j and g.
4
Let q(z) = 13*z**2 - 20*z**2 + z**3 + 2*z + 2*z**2. Let j be q(9). Calculate the greatest common factor of j and 9.
9
Let d = -211 - -231. Suppose 0 = 2*i - 3 - 117. What is the greatest common factor of i and d?
20
Let l = 57 - 21. Let f(o) = -o**3 + 7*o**2 - 6*o. Let h be f(5). Suppose -h*g = -24*g + 16. Calculate the greatest common divisor of l and g.
4
Let k(o) = -51*o + 5. Let a be 114/57 - (2 + 1). Let m be k(a). What is the highest common divisor of m and 448?
56
Suppose -f + 0 + 2 = -s, 0 = -s + 4*f - 17. Suppose v = 2*v + 3*i - 38, 73 = 2*v + 5*i. Let a = 38 - v. Calculate the highest common factor of a and s.
3
Let f = -4387 + 5626. Calculate the highest common divisor of 177 and f.
177
Let q(m) = 52*m - 1905. Let h be q(42). Calculate the highest common divisor of h and 45.
9
Let t(h) = 4*h - 36. Let j be t(8). Let x(i) = 2*i**2 + 11*i + 25. Let b be x(j). Let q = -23 - -114. What is the greatest common divisor of b and q?
13
Suppose -2921 - 1691 = -3*o - 2*h, 5*o + 5*h = 7695. What is the highest common divisor of o and 118?
118
Let j = 15859 - 2989. What is the highest common factor of j and 13?
13
Let o(p) = -99*p**2 + 1096*p - 5. Let a be o(11). What is the greatest common divisor of a and 1064?
8
Suppose 3*v = 4*f + 490, -3*f - 109 = -4*v + 556. Let z(p) = -6*p**3 - 4*p**2 - 4*p - 2. Let t be z(-3). What is the highest common divisor of v and t?
34
Suppose 5*o - 4*f - 6558 = -1860, -4*o + 3*f + 3758 = 0. Calculate the highest common divisor of o and 14.
14
Let s = -8066 + 8092. Suppose 5*j - 2 = 3, -4*o + 9 = j. Suppose -48 = -3*y - y + o*r, -3*y = 3*r - 45. What is the greatest common divisor of s and y?
13
Suppose -4*c + 5*c - 58 = 0. Let n be -4 + (-48)/(-9) - 388/(-6). Suppose 102 = 18*s + n. What is the highest common factor of c and s?
2
Suppose -10*i = -450 + 890. Suppose -3*t + 2*z + 346 = t, 3*z = -4*t + 371. Let p = t + i. What is the highest common divisor of p and 9?
9
Suppose 400 + 361 = 2*w + 3*r, 781 = 2*w - r. Calculate the greatest common divisor of 1843 and w.
97
Suppose -3587 = -45*h - 2642. Calculate the highest common factor of 49539 and h.
21
Let q = 9102 + -8940. What is the highest common factor of q and 16119?
81
Let z(o) = -6*o**2 + 1860*o - 5502. Let q be z(3). Let s(r) = -130*r - 4. Let c be s(-4). Calculate the highest common divisor of c and q.
12
Let m = -789 + 794. Suppose 3 = -v, 0 = 3*w + m*v - 678 - 132. What is the greatest common factor of w and 11?
11
Let d(r) = -r**2 - 19*r - 15. Let x be d(-18). Suppose -x = -11*u + 52. Let y be (-216)/(-22) + 4/22. What is the highest common factor of u and y?
5
Suppose -12*q - 202 + 982 = q. Calculate the greatest common divisor of q and 3240.
60
Suppose d = 100 - 1. Let i = d - 83. What is the greatest common factor of i and 12?
4
Let z = -162 + 198. Let n = z - 9. Calculate the highest common factor of n and 6.
3
Let k be (-4 - -6)/(4/190). Let m be 8 + (-9 - (-21)/(-7)). Let q = k - m. What is the greatest common factor of 11 and q?
11
Let x = 289 + -287. Suppose -x*h - 138 = -2*f, f + 3*f - 270 = -2*h. What is the highest common divisor of 102 and f?
34
Let b(k) = 2168*k + 296. Let d be b(3). Calculate the greatest common divisor of 1000 and d.
200
Let c = -87 - -87. Suppose -5*x = 4*y - 5, 4*y + y + 4*x = 4. Suppose s + 4*i - 141 = c, -s + y*i = -i - 131. Calculate the highest common factor of s and 19.
19
Let q = 192 + -185. Suppose 6*t + q*t = 104. What is the greatest common divisor of t and 1?
1
Let l = 9465 + -9373. Calculate the greatest common divisor of l and 667.
23
Suppose 7*g + 3*m - 30 = 2*g, -5*g = 4*m - 30. Suppose 120 = 2*z - g*z. Let n be (z/(-24))/((-1)/(-20)). What is the greatest common factor of n and 25?
25
Let t(z) = 26*z**2 + 7*z - 6. Let l be t(1). Calculate the highest common factor of l and 1206.
9
Let i be 5/(-4)*(-2 + (-4 - -2)). Suppose 0 = f - i*f + 40. Suppose -f*z + 164 = -6*z. What is the greatest commo